or of 38370205 and 92890?
6635
What is the greatest common factor of 3397 and 44566507?
79
What is the greatest common factor of 504805 and 2051?
7
Calculate the highest common divisor of 4666350456 and 18.
18
What is the highest common factor of 79679682 and 46?
46
What is the highest common divisor of 36 and 281680974?
18
Calculate the greatest common factor of 939378 and 167442.
2838
What is the highest common factor of 341 and 122426471?
31
Calculate the greatest common factor of 18511 and 3807211.
173
What is the greatest common factor of 536580 and 46530?
990
What is the greatest common factor of 355576 and 13413?
263
What is the greatest common factor of 129659 and 6715?
17
Calculate the highest common divisor of 3 and 27880552.
1
What is the highest common factor of 18369176 and 70?
14
What is the greatest common factor of 1323 and 5703894?
441
Calculate the greatest common factor of 6432 and 164584696.
536
What is the highest common factor of 163278 and 1639548?
846
Calculate the highest common divisor of 12760 and 130993.
29
Calculate the highest common divisor of 2895097 and 5805312.
7559
What is the greatest common divisor of 24260 and 47292444?
4852
What is the greatest common divisor of 5621 and 71204?
7
Calculate the highest common factor of 440 and 77972840.
440
Calculate the greatest common divisor of 3709314 and 40824.
1134
Calculate the greatest common divisor of 52692 and 192132.
12
Calculate the greatest common divisor of 20573820 and 100.
20
What is the highest common factor of 117973961 and 7?
7
Calculate the greatest common factor of 19890346 and 261.
29
Calculate the highest common divisor of 238 and 21498914.
34
Calculate the greatest common factor of 2795 and 1160785.
215
What is the highest common factor of 371619 and 11147?
157
What is the greatest common divisor of 297642 and 34578?
678
Calculate the greatest common divisor of 1903225501 and 31.
31
Calculate the greatest common divisor of 13392 and 99276.
12
Calculate the greatest common divisor of 5115 and 555529920.
5115
What is the greatest common factor of 18585 and 114831?
9
What is the highest common divisor of 9936274 and 6034?
862
Calculate the greatest common factor of 11309860 and 1440.
20
Calculate the highest common divisor of 2458918 and 2387.
77
Calculate the greatest common factor of 2409 and 68170101.
219
Calculate the greatest common divisor of 124320 and 1553160.
840
Calculate the greatest common divisor of 405 and 22522745.
5
What is the highest common divisor of 711 and 272960721?
711
Calculate the greatest common divisor of 185047 and 621793.
877
What is the highest common factor of 35 and 738458?
7
What is the highest common divisor of 705242408 and 9256?
9256
What is the highest common divisor of 11832 and 1255758?
174
Calculate the greatest common factor of 3 and 16450635.
3
What is the greatest common factor of 26202512 and 33152?
4144
Calculate the greatest common divisor of 206586 and 125.
1
Calculate the greatest common divisor of 2714915 and 4585.
35
Calculate the highest common factor of 693 and 2603293.
77
Calculate the greatest common divisor of 1633982 and 1834896.
1778
Calculate the greatest common factor of 7702330 and 136.
2
What is the highest common factor of 78 and 1067142?
6
What is the highest common factor of 301056 and 171402?
294
Calculate the greatest common factor of 34816125 and 2454.
1227
What is the highest common divisor of 84 and 72354376?
4
Calculate the greatest common divisor of 1347258 and 337568.
3014
What is the greatest common divisor of 2901330 and 3510?
90
What is the highest common factor of 256 and 1201040?
16
What is the highest common divisor of 36096 and 2472294?
282
What is the greatest common factor of 1404 and 19736?
4
What is the highest common factor of 3419975 and 34255?
1105
What is the highest common factor of 32 and 1486164912?
16
What is the highest common divisor of 16 and 54276416?
16
Calculate the greatest common factor of 64643 and 9628244.
509
What is the highest common divisor of 8737890 and 14910?
210
Calculate the highest common factor of 124628660 and 5655.
1885
Calculate the highest common factor of 8 and 1085658136.
8
What is the greatest common factor of 1581423 and 19479?
453
Calculate the greatest common divisor of 53 and 247808019.
53
Calculate the greatest common factor of 4285 and 721594.
857
Calculate the highest common divisor of 255271 and 34142.
397
Calculate the highest common divisor of 7 and 871545.
1
Calculate the greatest common factor of 17766 and 17118.
54
What is the greatest common factor of 1050 and 4742150?
350
Calculate the highest common factor of 173798 and 29212.
134
Calculate the highest common divisor of 3 and 96369477.
3
Calculate the highest common divisor of 27952 and 7776.
16
Calculate the highest common factor of 7995 and 9746971.
533
Calculate the highest common divisor of 23501 and 183043.
331
Calculate the greatest common factor of 36126 and 1311.
3
What is the greatest common divisor of 2180414 and 61978?
466
What is the greatest common factor of 4280 and 34795972?
428
What is the highest common divisor of 88 and 959999546?
22
What is the greatest common factor of 845794156 and 4?
4
What is the greatest common divisor of 21823980 and 8178?
282
Calculate the highest common divisor of 919010 and 15521762.
6338
What is the highest common factor of 31328613 and 63423?
2349
Calculate the highest common factor of 14965 and 7755355.
205
Calculate the greatest common divisor of 70 and 1069516.
14
Calculate the highest common divisor of 1157832 and 4446.
234
What is the greatest common factor of 23305 and 7550030?
395
Calculate the greatest common factor of 6239 and 219181.
17
What is the highest common divisor of 1480 and 14331210?
370
Calculate the highest common factor of 154 and 1179926.
22
What is the greatest common factor of 1032240 and 426690?
330
Calculate the highest common factor of 3564 and 1898644.
44
Calculate the highest common factor of 16896 and 1480704.
1536
What is the greatest common factor of 281010 and 215832?
102
What is the highest common factor of 300 and 1869825?
75
What is the highest common factor of 168 and 27804546?
42
What is the highest common divisor of 459 and 3093579?
27
Calculate the highest common factor of 36306 and 40860.
18
What is the greatest common divisor of 4368 and 2737456?
16
What is the highest common factor of 96 and 77522048?
32
What is the greatest common divisor of 14 and 142361569?
7
Calculate the greatest common factor of 70 and 628470.
10
Calculate the greatest common factor of 174079490 and 884.
442
What is the greatest common divisor of 31845216 and 51072?
1824
What is the highest common factor of 2509 and 56303311?
193
Calculate the greatest common divisor of 1823531126 and 46.
46
Calculate the greatest common factor of 6449 and 115585427.
6449
What is the highest common divisor of 1232 and 479047184?
1232
Calculate the greatest common factor of 51 and 13783073.
17
What is the greatest common divisor of 889 and 899287?
127
What is the highest common factor of 2990095 and 919625?
5255
Calculate the greatest common factor of 2275543 and 2320.
29
Calculate the highest common factor of 42996112 and 32.
16
Calculate the greatest common divisor of 21 and 3030111.
21
What is the greatest common divisor of 20520 and 4927080?
2280
What is the greatest common divisor of 4400 and 7425200?
400
Calculate the greatest common factor of 2268 and 62021484.
756
What is the greatest common factor of 80111137 and 58?
29
What is the greatest common divisor of 6032 and 1995838?
754
What is the greatest common factor of 30981 and 356224?
23
Calculate the highest common divisor of 30097 and 25.
1
Calculate the highest common divisor of 8366490 and 66.
66
Calculate the highest common factor of 44 and 10924306.
2
What is the highest common divisor of 350 and 8025800?
50
What is the greatest common divisor of 9573148 and 3055?
611
Calculate the highest common factor of 50802822 and 42.
42
Calculate the highest common factor of 82503 and 21733.
103
What is the greatest common divisor of 288 and 188739?
9
What is the greatest common divisor of 405168 and 2469648?
1104
What is the greatest common factor of 1580796100 and